{"id":909,"date":"2021-06-27T22:03:50","date_gmt":"2021-06-28T01:03:50","guid":{"rendered":"https:\/\/vaniacandelot.com.br\/portal\/?page_id=909"},"modified":"2021-08-26T12:58:36","modified_gmt":"2021-08-26T15:58:36","slug":"workshop_e_formacao_sistemica","status":"publish","type":"page","link":"https:\/\/vaniacandelot.com.br\/portal\/workshop_e_formacao_sistemica\/","title":{"rendered":"Workshop e Forma\u00e7\u00e3o Sist\u00eamica"},"content":{"rendered":"\t\t<div data-elementor-type=\"wp-page\" data-elementor-id=\"909\" class=\"elementor elementor-909\" data-elementor-settings=\"[]\">\n\t\t\t\t\t\t<div class=\"elementor-inner\">\n\t\t\t\t\t\t\t<div class=\"elementor-section-wrap\">\n\t\t\t\t\t\t\t<section class=\"elementor-section elementor-top-section elementor-element elementor-element-99e42f5 elementor-section-boxed elementor-section-height-default elementor-section-height-default\" data-id=\"99e42f5\" data-element_type=\"section\">\n\t\t\t\t\t\t<div class=\"elementor-container elementor-column-gap-default\">\n\t\t\t\t\t\t\t<div class=\"elementor-row\">\n\t\t\t\t\t<div class=\"elementor-column elementor-col-100 elementor-top-column elementor-element elementor-element-61730f4\" data-id=\"61730f4\" data-element_type=\"column\">\n\t\t\t<div class=\"elementor-column-wrap elementor-element-populated\">\n\t\t\t\t\t\t\t<div class=\"elementor-widget-wrap\">\n\t\t\t\t\t\t<div class=\"elementor-element elementor-element-5e5ca94 elementor-widget elementor-widget-text-editor\" data-id=\"5e5ca94\" data-element_type=\"widget\" data-widget_type=\"text-editor.default\">\n\t\t\t\t<div class=\"elementor-widget-container\">\n\t\t\t\t\t\t\t\t<div class=\"elementor-text-editor elementor-clearfix\">\n\t\t\t\t<p>Refere-se aos\u00a0Workshops de Constela\u00e7\u00e3o Familiar, Movimentos e Medita\u00e7\u00f5es Sist\u00eamicas e Forma\u00e7\u00e3o em Constela\u00e7\u00e3o Familiar e Sist\u00eamicas oferecidas no intuito de tornar mais saud\u00e1veis e produtivas a vida das pessoas, seu sistema familiar e todos os outros sistemas onde elas se relacionam.<\/p><p><strong>Observa\u00e7\u00e3o: as datas destas atividades s\u00e3o divulgadas no instagram, nos contatos dos clientes e nos grupos.<\/strong><\/p><p><strong>Movimentos e Medita\u00e7\u00f5es Sist\u00eamicas:<\/strong><\/p>\t\t\t\t\t<\/div>\n\t\t\t\t\t\t<\/div>\n\t\t\t\t<\/div>\n\t\t\t\t\t\t<\/div>\n\t\t\t\t\t<\/div>\n\t\t<\/div>\n\t\t\t\t\t\t\t\t<\/div>\n\t\t\t\t\t<\/div>\n\t\t<\/section>\n\t\t\t\t<section class=\"elementor-section elementor-top-section elementor-element elementor-element-30b87e5 elementor-section-boxed elementor-section-height-default elementor-section-height-default\" data-id=\"30b87e5\" data-element_type=\"section\">\n\t\t\t\t\t\t<div class=\"elementor-container elementor-column-gap-default\">\n\t\t\t\t\t\t\t<div class=\"elementor-row\">\n\t\t\t\t\t<div class=\"elementor-column elementor-col-33 elementor-top-column elementor-element elementor-element-b0aab54\" data-id=\"b0aab54\" data-element_type=\"column\">\n\t\t\t<div class=\"elementor-column-wrap elementor-element-populated\">\n\t\t\t\t\t\t\t<div class=\"elementor-widget-wrap\">\n\t\t\t\t\t\t<div class=\"elementor-element elementor-element-304bffe elementor-widget elementor-widget-image\" data-id=\"304bffe\" data-element_type=\"widget\" data-widget_type=\"image.default\">\n\t\t\t\t<div class=\"elementor-widget-container\">\n\t\t\t\t\t\t\t\t<div class=\"elementor-image\">\n\t\t\t\t\t\t\t\t\t\t\t\t<img decoding=\"async\" width=\"700\" height=\"465\" src=\"https:\/\/vaniacandelot.com.br\/portal\/wp-content\/uploads\/2021\/08\/Oficina-Sistemica.jpg-7.jpg\" class=\"attachment-full size-full\" alt=\"\" loading=\"lazy\" \/>\t\t\t\t\t\t\t\t\t\t\t\t\t\t<\/div>\n\t\t\t\t\t\t<\/div>\n\t\t\t\t<\/div>\n\t\t\t\t<div class=\"elementor-element elementor-element-32949c5 elementor-widget elementor-widget-heading\" data-id=\"32949c5\" data-element_type=\"widget\" data-widget_type=\"heading.default\">\n\t\t\t\t<div class=\"elementor-widget-container\">\n\t\t\t<h2 class=\"elementor-heading-title elementor-size-default\">Movimentos sist\u00eamicos<\/h2>\t\t<\/div>\n\t\t\t\t<\/div>\n\t\t\t\t\t\t<\/div>\n\t\t\t\t\t<\/div>\n\t\t<\/div>\n\t\t\t\t<div class=\"elementor-column elementor-col-33 elementor-top-column elementor-element elementor-element-cdb1ca9\" data-id=\"cdb1ca9\" data-element_type=\"column\">\n\t\t\t<div class=\"elementor-column-wrap\">\n\t\t\t\t\t\t\t<div class=\"elementor-widget-wrap\">\n\t\t\t\t\t\t\t\t<\/div>\n\t\t\t\t\t<\/div>\n\t\t<\/div>\n\t\t\t\t<div class=\"elementor-column elementor-col-33 elementor-top-column elementor-element elementor-element-b362fd9\" data-id=\"b362fd9\" data-element_type=\"column\">\n\t\t\t<div class=\"elementor-column-wrap elementor-element-populated\">\n\t\t\t\t\t\t\t<div class=\"elementor-widget-wrap\">\n\t\t\t\t\t\t<div class=\"elementor-element elementor-element-10fc9cc elementor-widget elementor-widget-image\" data-id=\"10fc9cc\" data-element_type=\"widget\" data-widget_type=\"image.default\">\n\t\t\t\t<div class=\"elementor-widget-container\">\n\t\t\t\t\t\t\t\t<div class=\"elementor-image\">\n\t\t\t\t\t\t\t\t\t\t\t\t<img decoding=\"async\" width=\"700\" height=\"465\" src=\"https:\/\/vaniacandelot.com.br\/portal\/wp-content\/uploads\/2021\/08\/mulher-entrando-luz.jpg\" class=\"attachment-full size-full\" alt=\"\" loading=\"lazy\" \/>\t\t\t\t\t\t\t\t\t\t\t\t\t\t<\/div>\n\t\t\t\t\t\t<\/div>\n\t\t\t\t<\/div>\n\t\t\t\t<div class=\"elementor-element elementor-element-c5353e8 elementor-widget elementor-widget-heading\" data-id=\"c5353e8\" data-element_type=\"widget\" data-widget_type=\"heading.default\">\n\t\t\t\t<div class=\"elementor-widget-container\">\n\t\t\t<h2 class=\"elementor-heading-title elementor-size-default\">Medita\u00e7\u00f5es Online e presencial<\/h2>\t\t<\/div>\n\t\t\t\t<\/div>\n\t\t\t\t\t\t<\/div>\n\t\t\t\t\t<\/div>\n\t\t<\/div>\n\t\t\t\t\t\t\t\t<\/div>\n\t\t\t\t\t<\/div>\n\t\t<\/section>\n\t\t\t\t<section class=\"elementor-section elementor-top-section elementor-element elementor-element-af72ede elementor-section-boxed elementor-section-height-default elementor-section-height-default\" data-id=\"af72ede\" data-element_type=\"section\">\n\t\t\t\t\t\t<div class=\"elementor-container elementor-column-gap-default\">\n\t\t\t\t\t\t\t<div class=\"elementor-row\">\n\t\t\t\t\t<div class=\"elementor-column elementor-col-100 elementor-top-column elementor-element elementor-element-50b5698\" data-id=\"50b5698\" data-element_type=\"column\">\n\t\t\t<div class=\"elementor-column-wrap elementor-element-populated\">\n\t\t\t\t\t\t\t<div class=\"elementor-widget-wrap\">\n\t\t\t\t\t\t<div class=\"elementor-element elementor-element-b973d68 elementor-widget elementor-widget-text-editor\" data-id=\"b973d68\" data-element_type=\"widget\" data-widget_type=\"text-editor.default\">\n\t\t\t\t<div class=\"elementor-widget-container\">\n\t\t\t\t\t\t\t\t<div class=\"elementor-text-editor elementor-clearfix\">\n\t\t\t\t<p>Projeto quinzenal, online e ou presencial, voltado para pessoas que querem entender o Pensamento Sist\u00eamico e o trabalho da Constela\u00e7\u00e3o Familiar e Sist\u00eamica.<\/p><p>O objetivo \u00e9 oferecer uma roda de cura, utilizando movimentos sist\u00eamicos tem\u00e1ticos para tornar as pessoas e os sistemas mais saud\u00e1veis.<\/p><p><strong>Workshop Sist\u00eamico:<\/strong><\/p>\t\t\t\t\t<\/div>\n\t\t\t\t\t\t<\/div>\n\t\t\t\t<\/div>\n\t\t\t\t\t\t<\/div>\n\t\t\t\t\t<\/div>\n\t\t<\/div>\n\t\t\t\t\t\t\t\t<\/div>\n\t\t\t\t\t<\/div>\n\t\t<\/section>\n\t\t\t\t<section class=\"elementor-section elementor-top-section elementor-element elementor-element-f93e531 elementor-section-boxed elementor-section-height-default elementor-section-height-default\" data-id=\"f93e531\" data-element_type=\"section\">\n\t\t\t\t\t\t<div class=\"elementor-container elementor-column-gap-default\">\n\t\t\t\t\t\t\t<div class=\"elementor-row\">\n\t\t\t\t\t<div class=\"elementor-column elementor-col-50 elementor-top-column elementor-element elementor-element-9775397\" data-id=\"9775397\" data-element_type=\"column\">\n\t\t\t<div class=\"elementor-column-wrap elementor-element-populated\">\n\t\t\t\t\t\t\t<div class=\"elementor-widget-wrap\">\n\t\t\t\t\t\t<div class=\"elementor-element elementor-element-1ed1655 elementor-widget elementor-widget-image\" data-id=\"1ed1655\" data-element_type=\"widget\" data-widget_type=\"image.default\">\n\t\t\t\t<div class=\"elementor-widget-container\">\n\t\t\t\t\t\t\t\t<div class=\"elementor-image\">\n\t\t\t\t\t\t\t\t\t\t\t\t<img decoding=\"async\" width=\"701\" height=\"466\" src=\"https:\/\/vaniacandelot.com.br\/portal\/wp-content\/uploads\/2021\/08\/workshop-2.jpeg\" class=\"attachment-full size-full\" alt=\"\" loading=\"lazy\" \/>\t\t\t\t\t\t\t\t\t\t\t\t\t\t<\/div>\n\t\t\t\t\t\t<\/div>\n\t\t\t\t<\/div>\n\t\t\t\t\t\t<\/div>\n\t\t\t\t\t<\/div>\n\t\t<\/div>\n\t\t\t\t<div class=\"elementor-column elementor-col-50 elementor-top-column elementor-element elementor-element-2d8e4c4\" data-id=\"2d8e4c4\" data-element_type=\"column\">\n\t\t\t<div class=\"elementor-column-wrap elementor-element-populated\">\n\t\t\t\t\t\t\t<div class=\"elementor-widget-wrap\">\n\t\t\t\t\t\t<div class=\"elementor-element elementor-element-2a9dda4 elementor-widget elementor-widget-text-editor\" data-id=\"2a9dda4\" data-element_type=\"widget\" data-widget_type=\"text-editor.default\">\n\t\t\t\t<div class=\"elementor-widget-container\">\n\t\t\t\t\t\t\t\t<div class=\"elementor-text-editor elementor-clearfix\">\n\t\t\t\t<p>O Workshop \u00e9 uma das formas utilizadas para o atendimento de Constela\u00e7\u00e3o Familiar e Sist\u00eamica em grupo.<\/p><p>O grupo participante do evento \u00e9 formado por pessoas que v\u00e3o para representar, ou seja, est\u00e3o dispon\u00edveis para entrar no campo sist\u00eamico daquele cliente que vai constelar e assim perceber o que acontece no sistema daquela pessoa.<\/p><p>E, por clientes, que v\u00e3o constelar um &#8220;tema ou quest\u00e3o&#8221; que pode ser pessoal, organizacional, financeiro, profissional dentre outros.<\/p><p>Observamos sempre que as pessoas que v\u00e3o a um Workshop n\u00e3o est\u00e3o l\u00e1 por acidente. \u00c9 muito comum os representantes relatarem que as quest\u00f5es levantadas pelos clientes s\u00e3o bem parecidas com as suas e que percebem mudan\u00e7as no sistema deles ap\u00f3s terem participado do workshop.<\/p>\t\t\t\t\t<\/div>\n\t\t\t\t\t\t<\/div>\n\t\t\t\t<\/div>\n\t\t\t\t\t\t<\/div>\n\t\t\t\t\t<\/div>\n\t\t<\/div>\n\t\t\t\t\t\t\t\t<\/div>\n\t\t\t\t\t<\/div>\n\t\t<\/section>\n\t\t\t\t<section class=\"elementor-section elementor-top-section elementor-element elementor-element-1b91f68 elementor-section-boxed elementor-section-height-default elementor-section-height-default\" data-id=\"1b91f68\" data-element_type=\"section\">\n\t\t\t\t\t\t<div class=\"elementor-container elementor-column-gap-default\">\n\t\t\t\t\t\t\t<div class=\"elementor-row\">\n\t\t\t\t\t<div class=\"elementor-column elementor-col-100 elementor-top-column elementor-element elementor-element-e9b4375\" data-id=\"e9b4375\" data-element_type=\"column\">\n\t\t\t<div class=\"elementor-column-wrap elementor-element-populated\">\n\t\t\t\t\t\t\t<div class=\"elementor-widget-wrap\">\n\t\t\t\t\t\t<div class=\"elementor-element elementor-element-a841dcb elementor-widget elementor-widget-text-editor\" data-id=\"a841dcb\" data-element_type=\"widget\" data-widget_type=\"text-editor.default\">\n\t\t\t\t<div class=\"elementor-widget-container\">\n\t\t\t\t\t\t\t\t<div class=\"elementor-text-editor elementor-clearfix\">\n\t\t\t\t<p><strong>Forma\u00e7\u00e3o Sist\u00eamica:<\/strong><\/p><p>A forma\u00e7\u00e3o em Constela\u00e7\u00e3o Familiar Sist\u00eamica \u00e9 uma profunda jornada vivencial de autoconhecimento que ajuda a modificar o fluxo da nossa vida, al\u00e9m de possibilitar,\u00a0 uma capacita\u00e7\u00e3o profissional.<\/p><p>Atualmente, a Constela\u00e7\u00e3o Familiar \u00e9 amplamente conhecida, comprovada e reconhecida pelo Minist\u00e9rio da Sa\u00fade.<\/p><p>Este treinamento \u00e9 baseado em Bert Hellinger, psicoterapeuta alem\u00e3o. Ele desenvolveu esta ferramenta fenomenol\u00f3gica e sist\u00eamica eficiente e poderosa, cuja aplica\u00e7\u00e3o requer conhecimento, atualiza\u00e7\u00e3o e postura definida em termos de mat\u00e9ria, conte\u00fado e m\u00e9todo.<\/p>\t\t\t\t\t<\/div>\n\t\t\t\t\t\t<\/div>\n\t\t\t\t<\/div>\n\t\t\t\t\t\t<\/div>\n\t\t\t\t\t<\/div>\n\t\t<\/div>\n\t\t\t\t\t\t\t\t<\/div>\n\t\t\t\t\t<\/div>\n\t\t<\/section>\n\t\t\t\t<section class=\"elementor-section elementor-top-section elementor-element elementor-element-ffef2d7 elementor-section-boxed elementor-section-height-default elementor-section-height-default\" data-id=\"ffef2d7\" data-element_type=\"section\">\n\t\t\t\t\t\t<div class=\"elementor-container elementor-column-gap-default\">\n\t\t\t\t\t\t\t<div class=\"elementor-row\">\n\t\t\t\t\t<div class=\"elementor-column elementor-col-50 elementor-top-column elementor-element elementor-element-98ca359\" data-id=\"98ca359\" data-element_type=\"column\">\n\t\t\t<div class=\"elementor-column-wrap elementor-element-populated\">\n\t\t\t\t\t\t\t<div class=\"elementor-widget-wrap\">\n\t\t\t\t\t\t<div class=\"elementor-element elementor-element-e33e528 elementor-widget elementor-widget-image\" data-id=\"e33e528\" data-element_type=\"widget\" data-widget_type=\"image.default\">\n\t\t\t\t<div class=\"elementor-widget-container\">\n\t\t\t\t\t\t\t\t<div class=\"elementor-image\">\n\t\t\t\t\t\t\t\t\t\t\t\t<img decoding=\"async\" width=\"1166\" height=\"468\" src=\"https:\/\/vaniacandelot.com.br\/portal\/wp-content\/uploads\/2021\/08\/FOTO-FORMACAO-CATALAO.jpg\" class=\"attachment-full size-full\" alt=\"\" loading=\"lazy\" \/>\t\t\t\t\t\t\t\t\t\t\t\t\t\t<\/div>\n\t\t\t\t\t\t<\/div>\n\t\t\t\t<\/div>\n\t\t\t\t<div class=\"elementor-element elementor-element-b1bca9e elementor-widget elementor-widget-heading\" data-id=\"b1bca9e\" data-element_type=\"widget\" data-widget_type=\"heading.default\">\n\t\t\t\t<div class=\"elementor-widget-container\">\n\t\t\t<h2 class=\"elementor-heading-title elementor-size-default\">Alunos da I Turma de Forma\u00e7\u00e3o Sist\u00eamica de Catal\u00e3o - GO (2019-2020)<\/h2>\t\t<\/div>\n\t\t\t\t<\/div>\n\t\t\t\t\t\t<\/div>\n\t\t\t\t\t<\/div>\n\t\t<\/div>\n\t\t\t\t<div class=\"elementor-column elementor-col-50 elementor-top-column elementor-element elementor-element-a46fb18\" data-id=\"a46fb18\" data-element_type=\"column\">\n\t\t\t<div class=\"elementor-column-wrap\">\n\t\t\t\t\t\t\t<div class=\"elementor-widget-wrap\">\n\t\t\t\t\t\t\t\t<\/div>\n\t\t\t\t\t<\/div>\n\t\t<\/div>\n\t\t\t\t\t\t\t\t<\/div>\n\t\t\t\t\t<\/div>\n\t\t<\/section>\n\t\t\t\t\t\t<\/div>\n\t\t\t\t\t\t<\/div>\n\t\t\t\t\t<\/div>\n\t\t","protected":false},"excerpt":{"rendered":"<p>Refere-se aos\u00a0Workshops de Constela\u00e7\u00e3o Familiar, Movimentos e Medita\u00e7\u00f5es Sist\u00eamicas e Forma\u00e7\u00e3o em Constela\u00e7\u00e3o Familiar e Sist\u00eamicas oferecidas no intuito de tornar mais saud\u00e1veis e produtivas a vida das pessoas, seu sistema familiar e todos os outros sistemas onde elas se relacionam. Observa\u00e7\u00e3o: as datas destas atividades s\u00e3o divulgadas no instagram, nos contatos dos clientes e &#8230; <a title=\"Workshop e Forma\u00e7\u00e3o Sist\u00eamica\" class=\"read-more\" href=\"https:\/\/vaniacandelot.com.br\/portal\/workshop_e_formacao_sistemica\/\">Ler mais <span class=\"screen-reader-text\">Workshop e Forma\u00e7\u00e3o Sist\u00eamica<\/span><\/a><\/p>\n","protected":false},"author":1,"featured_media":0,"parent":0,"menu_order":0,"comment_status":"closed","ping_status":"closed","template":"","meta":[],"_links":{"self":[{"href":"https:\/\/vaniacandelot.com.br\/portal\/wp-json\/wp\/v2\/pages\/909"}],"collection":[{"href":"https:\/\/vaniacandelot.com.br\/portal\/wp-json\/wp\/v2\/pages"}],"about":[{"href":"https:\/\/vaniacandelot.com.br\/portal\/wp-json\/wp\/v2\/types\/page"}],"author":[{"embeddable":true,"href":"https:\/\/vaniacandelot.com.br\/portal\/wp-json\/wp\/v2\/users\/1"}],"replies":[{"embeddable":true,"href":"https:\/\/vaniacandelot.com.br\/portal\/wp-json\/wp\/v2\/comments?post=909"}],"version-history":[{"count":56,"href":"https:\/\/vaniacandelot.com.br\/portal\/wp-json\/wp\/v2\/pages\/909\/revisions"}],"predecessor-version":[{"id":1511,"href":"https:\/\/vaniacandelot.com.br\/portal\/wp-json\/wp\/v2\/pages\/909\/revisions\/1511"}],"wp:attachment":[{"href":"https:\/\/vaniacandelot.com.br\/portal\/wp-json\/wp\/v2\/media?parent=909"}],"curies":[{"name":"wp","href":"https:\/\/api.w.org\/{rel}","templated":true}]}}