{"id":904,"date":"2021-06-27T22:01:27","date_gmt":"2021-06-28T01:01:27","guid":{"rendered":"https:\/\/vaniacandelot.com.br\/portal\/?page_id=904"},"modified":"2021-08-26T10:19:54","modified_gmt":"2021-08-26T13:19:54","slug":"psych-k","status":"publish","type":"page","link":"https:\/\/vaniacandelot.com.br\/portal\/psych-k\/","title":{"rendered":"Terapia PSYCH-K\u00ae"},"content":{"rendered":"\t\t<div data-elementor-type=\"wp-page\" data-elementor-id=\"904\" class=\"elementor elementor-904\" data-elementor-settings=\"[]\">\n\t\t\t\t\t\t<div class=\"elementor-inner\">\n\t\t\t\t\t\t\t<div class=\"elementor-section-wrap\">\n\t\t\t\t\t\t\t<section class=\"elementor-section elementor-top-section elementor-element elementor-element-ed9e42d elementor-section-boxed elementor-section-height-default elementor-section-height-default\" data-id=\"ed9e42d\" data-element_type=\"section\">\n\t\t\t\t\t\t<div class=\"elementor-container elementor-column-gap-default\">\n\t\t\t\t\t\t\t<div class=\"elementor-row\">\n\t\t\t\t\t<div class=\"elementor-column elementor-col-100 elementor-top-column elementor-element elementor-element-4818ef2\" data-id=\"4818ef2\" data-element_type=\"column\">\n\t\t\t<div class=\"elementor-column-wrap elementor-element-populated\">\n\t\t\t\t\t\t\t<div class=\"elementor-widget-wrap\">\n\t\t\t\t\t\t<div class=\"elementor-element elementor-element-125d596 elementor-widget elementor-widget-text-editor\" data-id=\"125d596\" data-element_type=\"widget\" data-widget_type=\"text-editor.default\">\n\t\t\t\t<div class=\"elementor-widget-container\">\n\t\t\t\t\t\t\t\t<div class=\"elementor-text-editor elementor-clearfix\">\n\t\t\t\t<p><em><strong>\u201cO segredo da vida \u00e9 a cren\u00e7a. Em vez dos genes, s\u00e3o nossas cren\u00e7as que controlam nossas vidas. O Psych-K \u00e9 um conjunto de processos simples e empoderadores para mudar suas cren\u00e7as e percep\u00e7\u00f5es que t\u00eam um impacto em sua vida a n\u00edvel celular.\u201d<\/strong><\/em><\/p><p style=\"text-align: right;\">Bruce Lipton, Ph.D<\/p><p>\u00c9 um m\u00e9todo simples e direto que identifica e muda automaticamente cren\u00e7as limitantes que impactam negativamente na nossa vida, tais como, &#8220;dinheiro n\u00e3o d\u00e1 em \u00e1rvore&#8221; ou &#8220;voc\u00ea n\u00e3o faz nada direito&#8221;. Nossas cren\u00e7as s\u00e3o resultado do que vimos, ouvimos ou conclu\u00edmos durante a vida, que se tornam verdades e passam a influenciar nosso comportamento e decis\u00f5es.<\/p><p>\u00c9 uma terapia individual que tanto pode ser online como presencial.<\/p>\t\t\t\t\t<\/div>\n\t\t\t\t\t\t<\/div>\n\t\t\t\t<\/div>\n\t\t\t\t\t\t<\/div>\n\t\t\t\t\t<\/div>\n\t\t<\/div>\n\t\t\t\t\t\t\t\t<\/div>\n\t\t\t\t\t<\/div>\n\t\t<\/section>\n\t\t\t\t<section class=\"elementor-section elementor-top-section elementor-element elementor-element-3937977 elementor-section-boxed elementor-section-height-default elementor-section-height-default\" data-id=\"3937977\" data-element_type=\"section\">\n\t\t\t\t\t\t<div class=\"elementor-container elementor-column-gap-default\">\n\t\t\t\t\t\t\t<div class=\"elementor-row\">\n\t\t\t\t\t<div class=\"elementor-column elementor-col-50 elementor-top-column elementor-element elementor-element-b614986\" data-id=\"b614986\" data-element_type=\"column\">\n\t\t\t<div class=\"elementor-column-wrap elementor-element-populated\">\n\t\t\t\t\t\t\t<div class=\"elementor-widget-wrap\">\n\t\t\t\t\t\t<div class=\"elementor-element elementor-element-898b720 elementor-widget elementor-widget-image\" data-id=\"898b720\" data-element_type=\"widget\" data-widget_type=\"image.default\">\n\t\t\t\t<div class=\"elementor-widget-container\">\n\t\t\t\t\t\t\t\t<div class=\"elementor-image\">\n\t\t\t\t\t\t\t\t\t\t\t\t<img decoding=\"async\" width=\"749\" height=\"453\" src=\"https:\/\/vaniacandelot.com.br\/portal\/wp-content\/uploads\/2021\/08\/psych-k.jpg\" class=\"attachment-full size-full\" alt=\"\" loading=\"lazy\" \/>\t\t\t\t\t\t\t\t\t\t\t\t\t\t<\/div>\n\t\t\t\t\t\t<\/div>\n\t\t\t\t<\/div>\n\t\t\t\t\t\t<\/div>\n\t\t\t\t\t<\/div>\n\t\t<\/div>\n\t\t\t\t<div class=\"elementor-column elementor-col-50 elementor-top-column elementor-element elementor-element-fec2ed7\" data-id=\"fec2ed7\" data-element_type=\"column\">\n\t\t\t<div class=\"elementor-column-wrap elementor-element-populated\">\n\t\t\t\t\t\t\t<div class=\"elementor-widget-wrap\">\n\t\t\t\t\t\t<div class=\"elementor-element elementor-element-4419069 elementor-widget elementor-widget-text-editor\" data-id=\"4419069\" data-element_type=\"widget\" data-widget_type=\"text-editor.default\">\n\t\t\t\t<div class=\"elementor-widget-container\">\n\t\t\t\t\t\t\t\t<div class=\"elementor-text-editor elementor-clearfix\">\n\t\t\t\t<p>Se est\u00e1 insatisfeito com os resultados em sua vida, o PSYCH-K\u00ae \u00a0foi desenvolvido para voc\u00ea.<\/p><p>O que voc\u00ea vive hoje \u00e9 pouco, muito ou totalmente diferente do que sempre quis?<\/p><p>Se a resposta n\u00e3o \u00e9 satisfat\u00f3ria, voc\u00ea pode mudar rapidamente o fluxo da sua vida, REESCREVENDO O SOFTWARE DE SUA MENTE e libertar-se de CREN\u00c7AS LIMITANTES que est\u00e3o travando esse desenvolvimento.<\/p>\t\t\t\t\t<\/div>\n\t\t\t\t\t\t<\/div>\n\t\t\t\t<\/div>\n\t\t\t\t\t\t<\/div>\n\t\t\t\t\t<\/div>\n\t\t<\/div>\n\t\t\t\t\t\t\t\t<\/div>\n\t\t\t\t\t<\/div>\n\t\t<\/section>\n\t\t\t\t<section class=\"elementor-section elementor-top-section elementor-element elementor-element-3f781e8 elementor-section-boxed elementor-section-height-default elementor-section-height-default\" data-id=\"3f781e8\" data-element_type=\"section\">\n\t\t\t\t\t\t<div class=\"elementor-container elementor-column-gap-default\">\n\t\t\t\t\t\t\t<div class=\"elementor-row\">\n\t\t\t\t\t<div class=\"elementor-column elementor-col-100 elementor-top-column elementor-element elementor-element-0fc62d5\" data-id=\"0fc62d5\" data-element_type=\"column\">\n\t\t\t<div class=\"elementor-column-wrap elementor-element-populated\">\n\t\t\t\t\t\t\t<div class=\"elementor-widget-wrap\">\n\t\t\t\t\t\t<div class=\"elementor-element elementor-element-0dfd589 elementor-widget elementor-widget-text-editor\" data-id=\"0dfd589\" data-element_type=\"widget\" data-widget_type=\"text-editor.default\">\n\t\t\t\t<div class=\"elementor-widget-container\">\n\t\t\t\t\t\t\t\t<div class=\"elementor-text-editor elementor-clearfix\">\n\t\t\t\t<p><strong>O que \u00e9 PSYCH-K\u00ae \u00a0?<\/strong><\/p>\t\t\t\t\t<\/div>\n\t\t\t\t\t\t<\/div>\n\t\t\t\t<\/div>\n\t\t\t\t\t\t<\/div>\n\t\t\t\t\t<\/div>\n\t\t<\/div>\n\t\t\t\t\t\t\t\t<\/div>\n\t\t\t\t\t<\/div>\n\t\t<\/section>\n\t\t\t\t<section class=\"elementor-section elementor-top-section elementor-element elementor-element-c413d98 elementor-section-boxed elementor-section-height-default elementor-section-height-default\" data-id=\"c413d98\" data-element_type=\"section\">\n\t\t\t\t\t\t<div class=\"elementor-container elementor-column-gap-default\">\n\t\t\t\t\t\t\t<div class=\"elementor-row\">\n\t\t\t\t\t<div class=\"elementor-column elementor-col-50 elementor-top-column elementor-element elementor-element-50d2e2e\" data-id=\"50d2e2e\" data-element_type=\"column\">\n\t\t\t<div class=\"elementor-column-wrap elementor-element-populated\">\n\t\t\t\t\t\t\t<div class=\"elementor-widget-wrap\">\n\t\t\t\t\t\t<div class=\"elementor-element elementor-element-6fa6192 elementor-widget elementor-widget-image\" data-id=\"6fa6192\" data-element_type=\"widget\" data-widget_type=\"image.default\">\n\t\t\t\t<div class=\"elementor-widget-container\">\n\t\t\t\t\t\t\t\t<div class=\"elementor-image\">\n\t\t\t\t\t\t\t\t\t\t\t\t<img decoding=\"async\" width=\"749\" height=\"492\" src=\"https:\/\/vaniacandelot.com.br\/portal\/wp-content\/uploads\/2021\/08\/mente-consciente-e-subconsciente.jpeg\" class=\"attachment-large size-large\" alt=\"\" loading=\"lazy\" \/>\t\t\t\t\t\t\t\t\t\t\t\t\t\t<\/div>\n\t\t\t\t\t\t<\/div>\n\t\t\t\t<\/div>\n\t\t\t\t\t\t<\/div>\n\t\t\t\t\t<\/div>\n\t\t<\/div>\n\t\t\t\t<div class=\"elementor-column elementor-col-50 elementor-top-column elementor-element elementor-element-38df197\" data-id=\"38df197\" data-element_type=\"column\">\n\t\t\t<div class=\"elementor-column-wrap elementor-element-populated\">\n\t\t\t\t\t\t\t<div class=\"elementor-widget-wrap\">\n\t\t\t\t\t\t<div class=\"elementor-element elementor-element-ba96048 elementor-widget elementor-widget-text-editor\" data-id=\"ba96048\" data-element_type=\"widget\" data-widget_type=\"text-editor.default\">\n\t\t\t\t<div class=\"elementor-widget-container\">\n\t\t\t\t\t\t\t\t<div class=\"elementor-text-editor elementor-clearfix\">\n\t\t\t\t<p>\u00c9 uma metodologia simples, criada em 1988 por Robert M. Williams, imediata e determinante, que fala diretamente ao subconsciente, identifica cren\u00e7as limitantes e as reedita, de forma f\u00e1cil e simples, para liberar velhos h\u00e1bitos e pensamentos herdados que impedem o seu crescimento.<\/p><p>Imprime os comandos e valores que voc\u00ea deseja para sua vida, com uma linguagem que o seu subconsciente reconhece e obedece, proporcionando-lhe uma experi\u00eancia humana nova, plena e abundante.<\/p>\t\t\t\t\t<\/div>\n\t\t\t\t\t\t<\/div>\n\t\t\t\t<\/div>\n\t\t\t\t\t\t<\/div>\n\t\t\t\t\t<\/div>\n\t\t<\/div>\n\t\t\t\t\t\t\t\t<\/div>\n\t\t\t\t\t<\/div>\n\t\t<\/section>\n\t\t\t\t<section class=\"elementor-section elementor-top-section elementor-element elementor-element-2fa36b6 elementor-section-boxed elementor-section-height-default elementor-section-height-default\" data-id=\"2fa36b6\" data-element_type=\"section\">\n\t\t\t\t\t\t<div class=\"elementor-container elementor-column-gap-default\">\n\t\t\t\t\t\t\t<div class=\"elementor-row\">\n\t\t\t\t\t<div class=\"elementor-column elementor-col-100 elementor-top-column elementor-element elementor-element-cf75834\" data-id=\"cf75834\" data-element_type=\"column\">\n\t\t\t<div class=\"elementor-column-wrap elementor-element-populated\">\n\t\t\t\t\t\t\t<div class=\"elementor-widget-wrap\">\n\t\t\t\t\t\t<div class=\"elementor-element elementor-element-ec92041 elementor-widget elementor-widget-text-editor\" data-id=\"ec92041\" data-element_type=\"widget\" data-widget_type=\"text-editor.default\">\n\t\t\t\t<div class=\"elementor-widget-container\">\n\t\t\t\t\t\t\t\t<div class=\"elementor-text-editor elementor-clearfix\">\n\t\t\t\t<p><strong>COMO O PSYCH-K\u00ae FUNCIONA?<\/strong><\/p><p>Sua vida \u00e9 limitada pelas cren\u00e7as, valores e atitudes decorrentes da experi\u00eancia vivida. A maioria das cren\u00e7as subconscientes s\u00e3o auto-limitantes, em geral traduzidas em express\u00f5es do tipo: &#8220;voc\u00ea devia ser como seu irm\u00e3o&#8221;, \u201cvoc\u00ea n\u00e3o faz nada direito\u201d, \u201cdinheiro n\u00e3o d\u00e1 em \u00e1rvore\u201d, dentre outras, e comandam 95% das suas decis\u00f5es na vida, afetando negativamente a auto-estima, provocando problemas de relacionamento, desenvolvimento pessoal e profissional.<\/p><p>Esse \u00e9 seu referencial de mundo e atrav\u00e9s dele voc\u00ea age e reage, de forma natural e habitual. O resultado aparece em seus relacionamentos, no seu n\u00edvel de auto estima e estilo de vida.<\/p><p>O PSYCH-K\u00ae auxilia, de forma definitiva e abrangente, o processo de autotransforma\u00e7\u00e3o alinhando suas cren\u00e7as e as experi\u00eancias que deseja na vida.<\/p><p>Cria uma comunica\u00e7\u00e3o equilibrada entre os dois hemisf\u00e9rios do c\u00f3rtex cerebral, e reprograma a mente subconsciente com as cren\u00e7as que ap\u00f3iam e realizam seus objetivos.<\/p>\t\t\t\t\t<\/div>\n\t\t\t\t\t\t<\/div>\n\t\t\t\t<\/div>\n\t\t\t\t\t\t<\/div>\n\t\t\t\t\t<\/div>\n\t\t<\/div>\n\t\t\t\t\t\t\t\t<\/div>\n\t\t\t\t\t<\/div>\n\t\t<\/section>\n\t\t\t\t<section class=\"elementor-section elementor-top-section elementor-element elementor-element-728029b elementor-section-boxed elementor-section-height-default elementor-section-height-default\" data-id=\"728029b\" data-element_type=\"section\">\n\t\t\t\t\t\t<div class=\"elementor-container elementor-column-gap-default\">\n\t\t\t\t\t\t\t<div class=\"elementor-row\">\n\t\t\t\t\t<div class=\"elementor-column elementor-col-33 elementor-top-column elementor-element elementor-element-a326af8\" data-id=\"a326af8\" data-element_type=\"column\">\n\t\t\t<div class=\"elementor-column-wrap elementor-element-populated\">\n\t\t\t\t\t\t\t<div class=\"elementor-widget-wrap\">\n\t\t\t\t\t\t<div class=\"elementor-element elementor-element-242e3d2 elementor-widget elementor-widget-image\" data-id=\"242e3d2\" data-element_type=\"widget\" data-widget_type=\"image.default\">\n\t\t\t\t<div class=\"elementor-widget-container\">\n\t\t\t\t\t\t\t\t<div class=\"elementor-image\">\n\t\t\t\t\t\t\t\t\t\t\t\t<img decoding=\"async\" width=\"534\" height=\"303\" src=\"https:\/\/vaniacandelot.com.br\/portal\/wp-content\/uploads\/2021\/08\/hemisferio-subconsciente-reprogramado.jpg\" class=\"attachment-large size-large\" alt=\"\" loading=\"lazy\" \/>\t\t\t\t\t\t\t\t\t\t\t\t\t\t<\/div>\n\t\t\t\t\t\t<\/div>\n\t\t\t\t<\/div>\n\t\t\t\t<div class=\"elementor-element elementor-element-93ebcc2 elementor-widget elementor-widget-heading\" data-id=\"93ebcc2\" data-element_type=\"widget\" data-widget_type=\"heading.default\">\n\t\t\t\t<div class=\"elementor-widget-container\">\n\t\t\t<h2 class=\"elementor-heading-title elementor-size-default\">Hemisf\u00e9rio Subconsciente reprogramado<\/h2>\t\t<\/div>\n\t\t\t\t<\/div>\n\t\t\t\t\t\t<\/div>\n\t\t\t\t\t<\/div>\n\t\t<\/div>\n\t\t\t\t<div class=\"elementor-column elementor-col-33 elementor-top-column elementor-element elementor-element-7e8b0c7 elementor-hidden-phone\" data-id=\"7e8b0c7\" data-element_type=\"column\">\n\t\t\t<div class=\"elementor-column-wrap\">\n\t\t\t\t\t\t\t<div class=\"elementor-widget-wrap\">\n\t\t\t\t\t\t\t\t<\/div>\n\t\t\t\t\t<\/div>\n\t\t<\/div>\n\t\t\t\t<div class=\"elementor-column elementor-col-33 elementor-top-column elementor-element elementor-element-1568df8\" data-id=\"1568df8\" data-element_type=\"column\">\n\t\t\t<div class=\"elementor-column-wrap elementor-element-populated\">\n\t\t\t\t\t\t\t<div class=\"elementor-widget-wrap\">\n\t\t\t\t\t\t<div class=\"elementor-element elementor-element-addc865 elementor-widget elementor-widget-image\" data-id=\"addc865\" data-element_type=\"widget\" data-widget_type=\"image.default\">\n\t\t\t\t<div class=\"elementor-widget-container\">\n\t\t\t\t\t\t\t\t<div class=\"elementor-image\">\n\t\t\t\t\t\t\t\t\t\t\t\t<img decoding=\"async\" width=\"529\" height=\"298\" src=\"https:\/\/vaniacandelot.com.br\/portal\/wp-content\/uploads\/2021\/08\/hemisferio-consciente-livre-e-feliz.jpg\" class=\"attachment-large size-large\" alt=\"\" loading=\"lazy\" \/>\t\t\t\t\t\t\t\t\t\t\t\t\t\t<\/div>\n\t\t\t\t\t\t<\/div>\n\t\t\t\t<\/div>\n\t\t\t\t<div class=\"elementor-element elementor-element-3b78ed8 elementor-widget elementor-widget-heading\" data-id=\"3b78ed8\" data-element_type=\"widget\" data-widget_type=\"heading.default\">\n\t\t\t\t<div class=\"elementor-widget-container\">\n\t\t\t<h2 class=\"elementor-heading-title elementor-size-default\">Hemisf\u00e9rio Consciente livre e feliz<\/h2>\t\t<\/div>\n\t\t\t\t<\/div>\n\t\t\t\t\t\t<\/div>\n\t\t\t\t\t<\/div>\n\t\t<\/div>\n\t\t\t\t\t\t\t\t<\/div>\n\t\t\t\t\t<\/div>\n\t\t<\/section>\n\t\t\t\t\t\t<\/div>\n\t\t\t\t\t\t<\/div>\n\t\t\t\t\t<\/div>\n\t\t","protected":false},"excerpt":{"rendered":"<p>\u201cO segredo da vida \u00e9 a cren\u00e7a. Em vez dos genes, s\u00e3o nossas cren\u00e7as que controlam nossas vidas. O Psych-K \u00e9 um conjunto de processos simples e empoderadores para mudar suas cren\u00e7as e percep\u00e7\u00f5es que t\u00eam um impacto em sua vida a n\u00edvel celular.\u201d Bruce Lipton, Ph.D \u00c9 um m\u00e9todo simples e direto que identifica &#8230; <a title=\"Terapia PSYCH-K\u00ae\" class=\"read-more\" href=\"https:\/\/vaniacandelot.com.br\/portal\/psych-k\/\">Ler mais <span class=\"screen-reader-text\">Terapia PSYCH-K\u00ae<\/span><\/a><\/p>\n","protected":false},"author":1,"featured_media":0,"parent":0,"menu_order":0,"comment_status":"closed","ping_status":"closed","template":"","meta":[],"_links":{"self":[{"href":"https:\/\/vaniacandelot.com.br\/portal\/wp-json\/wp\/v2\/pages\/904"}],"collection":[{"href":"https:\/\/vaniacandelot.com.br\/portal\/wp-json\/wp\/v2\/pages"}],"about":[{"href":"https:\/\/vaniacandelot.com.br\/portal\/wp-json\/wp\/v2\/types\/page"}],"author":[{"embeddable":true,"href":"https:\/\/vaniacandelot.com.br\/portal\/wp-json\/wp\/v2\/users\/1"}],"replies":[{"embeddable":true,"href":"https:\/\/vaniacandelot.com.br\/portal\/wp-json\/wp\/v2\/comments?post=904"}],"version-history":[{"count":71,"href":"https:\/\/vaniacandelot.com.br\/portal\/wp-json\/wp\/v2\/pages\/904\/revisions"}],"predecessor-version":[{"id":1406,"href":"https:\/\/vaniacandelot.com.br\/portal\/wp-json\/wp\/v2\/pages\/904\/revisions\/1406"}],"wp:attachment":[{"href":"https:\/\/vaniacandelot.com.br\/portal\/wp-json\/wp\/v2\/media?parent=904"}],"curies":[{"name":"wp","href":"https:\/\/api.w.org\/{rel}","templated":true}]}}